{"id":467,"date":"2014-11-30T13:11:43","date_gmt":"2014-11-30T13:11:43","guid":{"rendered":"http:\/\/rheinholz-bonn.de\/?page_id=467"},"modified":"2023-03-10T08:30:09","modified_gmt":"2023-03-10T08:30:09","slug":"holz","status":"publish","type":"page","link":"https:\/\/rheinholz-bonn.de\/?page_id=467","title":{"rendered":"Schl\u00fcsselbretter"},"content":{"rendered":"<h3>F\u00fcr n\u00e4here Informationen zu den Skulpturen bitte auf die Bilder klicken!<\/h3>\n","protected":false},"excerpt":{"rendered":"<p>F\u00fcr n\u00e4here Informationen zu den Skulpturen bitte auf die Bilder klicken!<\/p>\n","protected":false},"author":1,"featured_media":0,"parent":0,"menu_order":0,"comment_status":"open","ping_status":"open","template":"page-portfolio.php","meta":{"footnotes":""},"class_list":["post-467","page","type-page","status-publish","hentry"],"_links":{"self":[{"href":"https:\/\/rheinholz-bonn.de\/index.php?rest_route=\/wp\/v2\/pages\/467","targetHints":{"allow":["GET"]}}],"collection":[{"href":"https:\/\/rheinholz-bonn.de\/index.php?rest_route=\/wp\/v2\/pages"}],"about":[{"href":"https:\/\/rheinholz-bonn.de\/index.php?rest_route=\/wp\/v2\/types\/page"}],"author":[{"embeddable":true,"href":"https:\/\/rheinholz-bonn.de\/index.php?rest_route=\/wp\/v2\/users\/1"}],"replies":[{"embeddable":true,"href":"https:\/\/rheinholz-bonn.de\/index.php?rest_route=%2Fwp%2Fv2%2Fcomments&post=467"}],"version-history":[{"count":7,"href":"https:\/\/rheinholz-bonn.de\/index.php?rest_route=\/wp\/v2\/pages\/467\/revisions"}],"predecessor-version":[{"id":3515,"href":"https:\/\/rheinholz-bonn.de\/index.php?rest_route=\/wp\/v2\/pages\/467\/revisions\/3515"}],"wp:attachment":[{"href":"https:\/\/rheinholz-bonn.de\/index.php?rest_route=%2Fwp%2Fv2%2Fmedia&parent=467"}],"curies":[{"name":"wp","href":"https:\/\/api.w.org\/{rel}","templated":true}]}}