{"id":212,"date":"2013-07-29T19:56:35","date_gmt":"2013-07-29T19:56:35","guid":{"rendered":"http:\/\/virtuemock.kadencethemes.com\/?page_id=212"},"modified":"2014-12-25T09:32:49","modified_gmt":"2014-12-25T09:32:49","slug":"about","status":"publish","type":"page","link":"https:\/\/rheinholz-bonn.de\/?page_id=212","title":{"rendered":"\u00dcber RheinHolz"},"content":{"rendered":"<div id=\"pl-212\"  class=\"panel-layout\" ><div id=\"pg-212-0\"  class=\"panel-grid panel-no-style\" ><div id=\"pgc-212-0-0\"  class=\"panel-grid-cell\" ><div id=\"panel-212-0-0-0\" class=\"so-panel widget widget_siteorigin-panels-image panel-first-child panel-last-child\" data-index=\"0\" ><img decoding=\"async\" src=\"http:\/\/rheinholz-bonn.de\/wp-content\/uploads\/2014\/12\/uber.jpg\" \/><\/div><\/div><div id=\"pgc-212-0-1\"  class=\"panel-grid-cell\" ><div id=\"panel-212-0-1-0\" class=\"so-panel widget widget_text panel-first-child\" data-index=\"1\" ><h3 class=\"widget-title\">Wie alles begann&#8230;<\/h3>\t\t\t<div class=\"textwidget\"><p>An einem sch\u00f6nen Tag im August 2011 sp\u00fclte mir Vater Rhein ein St\u00fcck Treibholz vor die F\u00fc\u00dfe.<br \/>\nDieses St\u00fcck wurde auf einer langen Reise bis nach Bonn vom Element Wasser bearbeitet und geformt.<br \/>\nDie Fluten hatten die weichen Teile des Holzes herausgesp\u00fclt und gaben einen besonderen, einen<br \/>\nunvergleichlichen Blick auf die Struktur frei.<br \/>\nIch war fasziniert von der Einzigartigkeit. Ein echtes Unikat.<br \/>\nKunst aus der Natur, gepr\u00e4gt durch die Kraft der Elemente.<\/p>\n<p>Frank Werner<\/p>\n<\/div>\n\t\t<\/div><div id=\"panel-212-0-1-1\" class=\"so-panel widget widget_siteorigin-panels-image panel-last-child\" data-index=\"2\" ><img decoding=\"async\" src=\"http:\/\/rheinholz-bonn.de\/wp-content\/uploads\/2014\/12\/uber2.jpg\" \/><\/div><\/div><\/div><\/div>","protected":false},"excerpt":{"rendered":"<p>An einem sch\u00f6nen Tag im August 2011 sp\u00fclte mir Vater Rhein ein St\u00fcck Treibholz vor die F\u00fc\u00dfe. Dieses St\u00fcck wurde auf einer langen Reise bis nach Bonn vom Element Wasser bearbeitet und geformt. Die Fluten hatten die weichen Teile des &hellip; <a class=\"kt-excerpt-readmore\" href=\"https:\/\/rheinholz-bonn.de\/?page_id=212\" aria-label=\"\u00dcber RheinHolz\">Weiterlesen<\/a><\/p>\n","protected":false},"author":1,"featured_media":0,"parent":0,"menu_order":0,"comment_status":"open","ping_status":"open","template":"page-fullwidth.php","meta":{"footnotes":""},"class_list":["post-212","page","type-page","status-publish","hentry"],"_links":{"self":[{"href":"https:\/\/rheinholz-bonn.de\/index.php?rest_route=\/wp\/v2\/pages\/212","targetHints":{"allow":["GET"]}}],"collection":[{"href":"https:\/\/rheinholz-bonn.de\/index.php?rest_route=\/wp\/v2\/pages"}],"about":[{"href":"https:\/\/rheinholz-bonn.de\/index.php?rest_route=\/wp\/v2\/types\/page"}],"author":[{"embeddable":true,"href":"https:\/\/rheinholz-bonn.de\/index.php?rest_route=\/wp\/v2\/users\/1"}],"replies":[{"embeddable":true,"href":"https:\/\/rheinholz-bonn.de\/index.php?rest_route=%2Fwp%2Fv2%2Fcomments&post=212"}],"version-history":[{"count":7,"href":"https:\/\/rheinholz-bonn.de\/index.php?rest_route=\/wp\/v2\/pages\/212\/revisions"}],"predecessor-version":[{"id":689,"href":"https:\/\/rheinholz-bonn.de\/index.php?rest_route=\/wp\/v2\/pages\/212\/revisions\/689"}],"wp:attachment":[{"href":"https:\/\/rheinholz-bonn.de\/index.php?rest_route=%2Fwp%2Fv2%2Fmedia&parent=212"}],"curies":[{"name":"wp","href":"https:\/\/api.w.org\/{rel}","templated":true}]}}