{"id":1652,"date":"2016-11-09T15:01:18","date_gmt":"2016-11-09T15:01:18","guid":{"rendered":"http:\/\/rheinholz-bonn.de\/?page_id=1652"},"modified":"2019-02-04T14:14:47","modified_gmt":"2019-02-04T14:14:47","slug":"allgemeine-geschaeftsbedingungen","status":"publish","type":"page","link":"https:\/\/rheinholz-bonn.de\/?page_id=1652","title":{"rendered":"Allgemeine Gesch\u00e4ftsbedingungen"},"content":{"rendered":"<div id=\"pl-1652\"  class=\"panel-layout\" ><div id=\"pg-1652-0\"  class=\"panel-grid panel-no-style\" ><div id=\"pgc-1652-0-0\"  class=\"panel-grid-cell\" ><div id=\"panel-1652-0-0-0\" class=\"so-panel widget widget_text panel-first-child panel-last-child\" data-index=\"0\" >\t\t\t<div class=\"textwidget\"><Strong>1. Allgemeines<\/Strong><br>\nDie nachstehenden Allgemeinen Gesch\u00e4ftsbedingungen gelten f\u00fcr Lieferungen und Leistungen von Frank Werner, Landsberger Str. 140, 53119 Bonn, wenn die Vertragsanbahnung aufgrund einer Anzeige bei eBay Kleinanzeigen stattgefunden hat oder der Vertragsschluss auf einem Angebot auf der Plattform DaWanda beruht. <br>\n<br>\n<Strong>2. Zustandekommen des Vertrages \u00fcber eBay Kleinanzeigen<\/Strong><br>\n(1) Ein Kaufvertrag kommt nur durch \u00fcbereinstimmende Willenserkl\u00e4rungen zwischen einem Interessenten und uns nach erfolgreicher Kontaktaufnahme entweder pers\u00f6nlich, per E-Mail, schriftlich oder telefonisch zustande oder indem wir den Artikel auf einer anderen Plattform wie z.B. eBay zum sofortigen Kauf verbindlich anbieten. Bei den von uns bei eBay-Kleinanzeigen eingestellten Anzeigen handelt es sich um reine Aufforderungen zur Abgabe eines Angebotes an Interessenten. Ein Vertragsangebot ist mit den Anzeigen nicht verbunden. <br>\n(2) Angebote k\u00f6nnen so lange abgegeben werden, wie die Anzeige geschaltet ist. Wir behalten es uns vor, Angebote von Interessenten abzulehnen und\/oder Anzeigen ohne Gr\u00fcnde zu l\u00f6schen. Der Zwischenverkauf bleibt vorbehalten. <br>\n(3) Sendet uns ein Interessent in einer Nachricht ein Angebot zum Kauf einer von uns bei eBay-Kleinanzeigen eingestellten Ware zu, so k\u00f6nnen wir dieses Angebot innerhalb von 48 Stunden annehmen, sofern das Angebot nicht bedingt oder mit einer k\u00fcrzeren Angebotsfrist versehen war. Mit Annahme des Angebotes des Interessenten ist ein Kaufvertrag zwischen uns und dem Interessenten zustande gekommen.<br>\n<br>\n<Strong>3. Zustandekommen des Vertrages \u00fcber DaWanda \/ Eingabekorrektur <\/Strong><br>\n(1) Der Kaufvertrag kommt wie folgt zustande:<br>\nStellen wir als Verk\u00e4ufer einen Artikel oder eine Leistungsbeschreibung bei DaWanda ein, geben wir damit das verbindliche Angebot ab, dass jedes andere Mitglied bei DaWanda den Artikel oder die Leistung zu dem angegebenen Preis erwerben kann. Der Vertragsschluss kommt zustande, wenn ein K\u00e4ufer die hierf\u00fcr vorgesehene Schaltfl\u00e4che (\u201ezahlungspflichtig bestellen\u201c) anklickt und damit den Kaufvorgang best\u00e4tigt. Nach Abschluss des Kaufvertrages erh\u00e4lt der K\u00e4ufer als Best\u00e4tigung eine System-E-Mail von DaWanda. <br>\n(2) Vor dem Anklicken des Bestellbuttons besteht jederzeit die M\u00f6glichkeit, Produkte im Warenkorb einzusehen, Eingabefehler zu korrigieren oder Produkte aus dem Warenkorb zu entfernen. Durch Klicken auf den Zur\u00fcck-Button des Browsers k\u00f6nnen die Vertragserkl\u00e4rungen ge\u00e4ndert und Eingabefehler korrigiert werden. Nach dem Absenden der Bestellung ist eine Korrektur nicht mehr m\u00f6glich. <br>\n(3) Der K\u00e4ufer ist verpflichtet, den Gesamtpreis innerhalb von sieben Tagen nach Erhalt der Kaufbest\u00e4tigung zu zahlen, es sei denn die Parteien treffen eine abweichende Vereinbarung. Der Kunde hat die Wahl aus verschiedenen Zahlungsarten, die im jeweiligen Angebot zur Auswahl stehen.<br>\n<br>\n<Strong>4. Preise und Versand<\/Strong><br>\n(1) Als Kleinunternehmer sind wir von der Umsatzsteuer nach \u00a7 19 UStG befreit. Werden in der Anzeige Preise genannt, verstehen diese sich als Endpreise, jedoch zuz\u00fcglich Versandkosten.<br>\n(2) Die Lieferzeit wird bei DaWanda im Angebot angegeben. Im Falle des Kaufs \u00fcber eBay Kleinanzeigen teilen wir die Lieferzeit vor dem Kauf verbindlich mit. <br>\n<br>\n<Strong>5. Gew\u00e4hrleistung<\/Strong><br>\n(1) Die Verj\u00e4hrungsfrist f\u00fcr gesetzliche M\u00e4ngelanspr\u00fcche betr\u00e4gt zwei Jahre und beginnt mit dem Datum der Ablieferung, d.h. Empfangnahme der Sache durch den K\u00e4ufer. <br>\nHiervon unber\u00fchrt bleiben etwaige Anspr\u00fcche aufgrund von Sch\u00e4den aus der Verletzung des Lebens, des K\u00f6rpers oder der Gesundheit, die auf einer vors\u00e4tzlichen oder fahrl\u00e4ssigen Pflichtverletzung des Verk\u00e4ufers oder seiner gesetzlichen Vertreter oder Erf\u00fcllungsgehilfen beruhen sowie Anspr\u00fcche aufgrund sonstiger Sch\u00e4den aufgrund vors\u00e4tzlicher oder grob fahrl\u00e4ssiger Pflichtverletzung seitens des Verk\u00e4ufers, dessen gesetzlicher Vertreter oder Erf\u00fcllungsgehilfen. <br>\n(2) Im \u00fcbrigen gelten die gesetzlichen Bestimmungen zur M\u00e4ngelhaftung f\u00fcr alle von uns angebotenen Waren. <br>\n<br>\n<Strong>6. Eigentumsvorbehalt<\/Strong><br>\nS\u00e4mtliche von uns gelieferte Ware bleibt bis zur vollst\u00e4ndigen Bezahlung unser Eigentum.<br>\n<br>\n<Strong>7. Datenschutz<\/Strong><br>\n(1) Personenbezogene Daten werden von uns ausschlie\u00dflich zur Abwicklung eines Kaufvertrages verwendet. Alle K\u00e4uferdaten werden unter Beachtung der einschl\u00e4gigen Vorschriften des Bundesdatenschutzgesetzes (BDSG) und des Telemediengesetzes (TMG) von uns gespeichert und verarbeitet. <br>\n(2) Wir geben die personenbezogenen Daten des K\u00e4ufers einschlie\u00dflich des Namens, der Anschrift und der E-Mail-Adresse nicht ohne die ausdr\u00fcckliche und jederzeit widerrufliche Einwilligung des jeweiligen K\u00e4ufers an Dritte weiter. Ausgenommen hiervon ist das mit der Lieferung beauftragte Versandunternehmen. In diesem Fall beschr\u00e4nkt sich der Umfang der \u00fcbermittelten Daten jedoch auf das erforderliche Minimum. <br>\n(3) Mit vollst\u00e4ndiger Abwicklung des Kaufvertrages werden die Daten des jeweiligen K\u00e4ufers f\u00fcr die weitere Verwendung gesperrt und nach Ablauf der steuer- und handelsrechtlichen Vorschriften gel\u00f6scht.<br>\n(4) Als K\u00e4ufer haben Sie nach erfolgtem Kaufvertragsschluss wie unter Ziffer 2. beschrieben jederzeit das Recht auf kostenfreie Auskunft \u00fcber die bez\u00fcglich Ihrer Person gespeicherten Daten, deren Herkunft und Empf\u00e4nger, die Berechtigung, Sperrung oder L\u00f6schung von Daten sowie den Widerruf erteilter Einwilligungen und den Zweck der Datenverarbeitung. Der Verwendung der \u00fcber Ihre Person gespeicherten Daten k\u00f6nnen Sie jederzeit widersprechen. Bitte wenden Sie sich zu diesem Zweck an die E-Mail Adresse frankwerner@online.de oder senden Sie Ihr Verlangen per Post an unsere oben genannte Anschrift. <br>\n<br>\n<Strong>8. Vertragssprache und Speicherung des Vertragstextes<\/Strong><br>\n(1) Die Vertragssprache ist deutsch. <br>\n(2) Der Anzeigentext von eBay Kleinanzeigen wird von uns nicht gespeichert. Der Vertragstext, sofern er schriftlich oder per E-Mail geschlossen wird, wird von uns gespeichert und vorbehaltlich der gesetzlichen Aufbewahrungsfrist f\u00fcr die Dauer von einem Jahr aufbewahrt. Auf Anforderung k\u00f6nnen wir dem K\u00e4ufer den Vertragstext innerhalb dieser Frist zur Verf\u00fcgung stellen. <br>\n(3) Den Vertragstext bei einem Kauf \u00fcber DaWanda speichern wir in Form der uns von DaWanda \u00fcbermittelten Daten und bewahren diesen vorbehaltlich der gesetzlichen Aufbewahrungsfrist f\u00fcr die Dauer von einem Jahr auf. Auf Anforderung k\u00f6nnen wir dem K\u00e4ufer den Vertragstext innerhalb dieser Frist zur Verf\u00fcgung stellen. Nach der Bestellung erh\u00e4lt der Kunde zudem von DaWanda eine Best\u00e4tigungs-E-Mail, die alle relevanten Daten des Vertragsschlusses enth\u00e4lt. Die AGB unseres Shops sind jederzeit auf DaWanda einsehbar. <br>\n<br>\n<Strong>9. Schlussbestimmungen<\/Strong><br>\n(1) Bei Vertr\u00e4gen mit Kaufleuten, also K\u00e4ufern, die ein Handelsgewerbe betreiben, oder aus anderen Rechtsgr\u00fcnden im HGB als Kaufmann eingeordnet werden sowie juristischen Personen des \u00f6ffentlichen Rechts ist Bonn ausschlie\u00dflich Gerichtsstand f\u00fcr alle sich aus dem Vertragsverh\u00e4ltnis unmittelbar oder mittelbar ergebenden Streitigkeiten.<br>\n(2) Es gilt ausschlie\u00dflich deutsches Recht unter Ausschluss der Vorschriften des UN-Kaufrechts, soweit nicht der durch zwingende Bestimmungen des Rechts des Staates, in dem der K\u00e4ufer, der Verbraucher ist, seinen gew\u00f6hnlichen Aufenthalt hat, gew\u00e4hrte Schutz entzogen wird.<br>\n(3) Online-Streitbeilegung gem\u00e4\u00df Art. 14 Abs. 1 ODR-VO: Die Europ\u00e4ische Kommission stellt eine Plattform zur Online-Streitbeilegung (OS) bereit, die Sie unter http:\/\/ec.europa.eu\/consumers\/odr\/ finden.<br>\n<\/div>\n\t\t<\/div><\/div><\/div><\/div>","protected":false},"excerpt":{"rendered":"<p>1. Allgemeines Die nachstehenden Allgemeinen Gesch\u00e4ftsbedingungen gelten f\u00fcr Lieferungen und Leistungen von Frank Werner, Landsberger Str. 140, 53119 Bonn, wenn die Vertragsanbahnung aufgrund einer Anzeige bei eBay Kleinanzeigen stattgefunden hat oder der Vertragsschluss auf einem Angebot auf der Plattform DaWanda &hellip; <a class=\"kt-excerpt-readmore\" href=\"https:\/\/rheinholz-bonn.de\/?page_id=1652\" aria-label=\"Allgemeine Gesch\u00e4ftsbedingungen\">Weiterlesen<\/a><\/p>\n","protected":false},"author":1,"featured_media":0,"parent":0,"menu_order":0,"comment_status":"closed","ping_status":"closed","template":"page-fullwidth.php","meta":{"footnotes":""},"class_list":["post-1652","page","type-page","status-publish","hentry"],"_links":{"self":[{"href":"https:\/\/rheinholz-bonn.de\/index.php?rest_route=\/wp\/v2\/pages\/1652","targetHints":{"allow":["GET"]}}],"collection":[{"href":"https:\/\/rheinholz-bonn.de\/index.php?rest_route=\/wp\/v2\/pages"}],"about":[{"href":"https:\/\/rheinholz-bonn.de\/index.php?rest_route=\/wp\/v2\/types\/page"}],"author":[{"embeddable":true,"href":"https:\/\/rheinholz-bonn.de\/index.php?rest_route=\/wp\/v2\/users\/1"}],"replies":[{"embeddable":true,"href":"https:\/\/rheinholz-bonn.de\/index.php?rest_route=%2Fwp%2Fv2%2Fcomments&post=1652"}],"version-history":[{"count":6,"href":"https:\/\/rheinholz-bonn.de\/index.php?rest_route=\/wp\/v2\/pages\/1652\/revisions"}],"predecessor-version":[{"id":2399,"href":"https:\/\/rheinholz-bonn.de\/index.php?rest_route=\/wp\/v2\/pages\/1652\/revisions\/2399"}],"wp:attachment":[{"href":"https:\/\/rheinholz-bonn.de\/index.php?rest_route=%2Fwp%2Fv2%2Fmedia&parent=1652"}],"curies":[{"name":"wp","href":"https:\/\/api.w.org\/{rel}","templated":true}]}}